{"id":865,"date":"2017-02-07T11:49:44","date_gmt":"2017-02-07T10:49:44","guid":{"rendered":"https:\/\/www.bezner.com\/projects\/sorting-plant-for-plastic-waste\/"},"modified":"2020-10-07T12:24:42","modified_gmt":"2020-10-07T10:24:42","slug":"installation-de-tri-de-dechets-plastiques","status":"publish","type":"project","link":"https:\/\/www.bezner.com\/fr\/project\/installation-de-tri-de-dechets-plastiques\/","title":{"rendered":"Installation de tri de d\u00e9chets plastiques"},"content":{"rendered":"<p>Flux: M\u00e9lange en plastique<br \/>\nCapacit\u00e9: 11t\/h, 20t\/h<br \/>\nAnn\u00e9e de r\u00e9alisation: 2012<\/p>\n","protected":false},"excerpt":{"rendered":"<p>Flux: M\u00e9lange en plastique Capacit\u00e9: 11t\/h, 20t\/h Ann\u00e9e de r\u00e9alisation: 2012<\/p>\n","protected":false},"featured_media":1093,"template":"","project-category":[],"project-tag":[],"class_list":["post-865","project","type-project","status-publish","has-post-thumbnail","hentry"],"acf":[],"project_category_array":[],"project_image":[["full","https:\/\/www.bezner.com\/wp-content\/uploads\/2017\/02\/recycling-plant-for-plastics.jpg"]],"yoast_head":"<!-- This site is optimized with the Yoast SEO plugin v27.5 - https:\/\/yoast.com\/product\/yoast-seo-wordpress\/ -->\n<title>Installation de tri de d\u00e9chets plastiques - Bezner Anlagen- und Maschinenbau<\/title>\n<meta name=\"robots\" content=\"index, follow, max-snippet:-1, max-image-preview:large, max-video-preview:-1\" \/>\n<link rel=\"canonical\" href=\"https:\/\/www.bezner.com\/fr\/project\/installation-de-tri-de-dechets-plastiques\/\" \/>\n<meta property=\"og:locale\" content=\"fr_FR\" \/>\n<meta property=\"og:type\" content=\"article\" \/>\n<meta property=\"og:title\" content=\"Installation de tri de d\u00e9chets plastiques - Bezner Anlagen- und Maschinenbau\" \/>\n<meta property=\"og:description\" content=\"Flux: M\u00e9lange en plastique Capacit\u00e9: 11t\/h, 20t\/h Ann\u00e9e de r\u00e9alisation: 2012\" \/>\n<meta property=\"og:url\" content=\"https:\/\/www.bezner.com\/fr\/project\/installation-de-tri-de-dechets-plastiques\/\" \/>\n<meta property=\"og:site_name\" content=\"Bezner Anlagen- und Maschinenbau\" \/>\n<meta property=\"article:modified_time\" content=\"2020-10-07T10:24:42+00:00\" \/>\n<meta property=\"og:image\" content=\"https:\/\/www.bezner.com\/wp-content\/uploads\/2017\/02\/recycling-plant-for-plastics.jpg\" \/>\n\t<meta property=\"og:image:width\" content=\"800\" \/>\n\t<meta property=\"og:image:height\" content=\"533\" \/>\n\t<meta property=\"og:image:type\" content=\"image\/jpeg\" \/>\n<meta name=\"twitter:card\" content=\"summary_large_image\" \/>\n<script type=\"application\/ld+json\" class=\"yoast-schema-graph\">{\"@context\":\"https:\\\/\\\/schema.org\",\"@graph\":[{\"@type\":\"WebPage\",\"@id\":\"https:\\\/\\\/www.bezner.com\\\/fr\\\/project\\\/installation-de-tri-de-dechets-plastiques\\\/\",\"url\":\"https:\\\/\\\/www.bezner.com\\\/fr\\\/project\\\/installation-de-tri-de-dechets-plastiques\\\/\",\"name\":\"Installation de tri de d\u00e9chets plastiques - Bezner Anlagen- und Maschinenbau\",\"isPartOf\":{\"@id\":\"https:\\\/\\\/www.bezner.com\\\/de\\\/#website\"},\"primaryImageOfPage\":{\"@id\":\"https:\\\/\\\/www.bezner.com\\\/fr\\\/project\\\/installation-de-tri-de-dechets-plastiques\\\/#primaryimage\"},\"image\":{\"@id\":\"https:\\\/\\\/www.bezner.com\\\/fr\\\/project\\\/installation-de-tri-de-dechets-plastiques\\\/#primaryimage\"},\"thumbnailUrl\":\"https:\\\/\\\/www.bezner.com\\\/wp-content\\\/uploads\\\/2017\\\/02\\\/recycling-plant-for-plastics.jpg\",\"datePublished\":\"2017-02-07T10:49:44+00:00\",\"dateModified\":\"2020-10-07T10:24:42+00:00\",\"breadcrumb\":{\"@id\":\"https:\\\/\\\/www.bezner.com\\\/fr\\\/project\\\/installation-de-tri-de-dechets-plastiques\\\/#breadcrumb\"},\"inLanguage\":\"fr-FR\",\"potentialAction\":[{\"@type\":\"ReadAction\",\"target\":[\"https:\\\/\\\/www.bezner.com\\\/fr\\\/project\\\/installation-de-tri-de-dechets-plastiques\\\/\"]}]},{\"@type\":\"ImageObject\",\"inLanguage\":\"fr-FR\",\"@id\":\"https:\\\/\\\/www.bezner.com\\\/fr\\\/project\\\/installation-de-tri-de-dechets-plastiques\\\/#primaryimage\",\"url\":\"https:\\\/\\\/www.bezner.com\\\/wp-content\\\/uploads\\\/2017\\\/02\\\/recycling-plant-for-plastics.jpg\",\"contentUrl\":\"https:\\\/\\\/www.bezner.com\\\/wp-content\\\/uploads\\\/2017\\\/02\\\/recycling-plant-for-plastics.jpg\",\"width\":800,\"height\":533,\"caption\":\"Installation de tri de d\u00e9chets plastiques\"},{\"@type\":\"BreadcrumbList\",\"@id\":\"https:\\\/\\\/www.bezner.com\\\/fr\\\/project\\\/installation-de-tri-de-dechets-plastiques\\\/#breadcrumb\",\"itemListElement\":[{\"@type\":\"ListItem\",\"position\":1,\"name\":\"Home\",\"item\":\"https:\\\/\\\/www.bezner.com\\\/fr\\\/\"},{\"@type\":\"ListItem\",\"position\":2,\"name\":\"Projects\",\"item\":\"https:\\\/\\\/www.bezner.com\\\/project\\\/\"},{\"@type\":\"ListItem\",\"position\":3,\"name\":\"Installation de tri de d\u00e9chets plastiques\"}]},{\"@type\":\"WebSite\",\"@id\":\"https:\\\/\\\/www.bezner.com\\\/de\\\/#website\",\"url\":\"https:\\\/\\\/www.bezner.com\\\/de\\\/\",\"name\":\"Bezner Anlagen- und Maschinenbau\",\"description\":\"Waste managament solutions\",\"potentialAction\":[{\"@type\":\"SearchAction\",\"target\":{\"@type\":\"EntryPoint\",\"urlTemplate\":\"https:\\\/\\\/www.bezner.com\\\/de\\\/?s={search_term_string}\"},\"query-input\":{\"@type\":\"PropertyValueSpecification\",\"valueRequired\":true,\"valueName\":\"search_term_string\"}}],\"inLanguage\":\"fr-FR\"}]}<\/script>\n<!-- \/ Yoast SEO plugin. -->","yoast_head_json":{"title":"Installation de tri de d\u00e9chets plastiques - Bezner Anlagen- und Maschinenbau","robots":{"index":"index","follow":"follow","max-snippet":"max-snippet:-1","max-image-preview":"max-image-preview:large","max-video-preview":"max-video-preview:-1"},"canonical":"https:\/\/www.bezner.com\/fr\/project\/installation-de-tri-de-dechets-plastiques\/","og_locale":"fr_FR","og_type":"article","og_title":"Installation de tri de d\u00e9chets plastiques - Bezner Anlagen- und Maschinenbau","og_description":"Flux: M\u00e9lange en plastique Capacit\u00e9: 11t\/h, 20t\/h Ann\u00e9e de r\u00e9alisation: 2012","og_url":"https:\/\/www.bezner.com\/fr\/project\/installation-de-tri-de-dechets-plastiques\/","og_site_name":"Bezner Anlagen- und Maschinenbau","article_modified_time":"2020-10-07T10:24:42+00:00","og_image":[{"width":800,"height":533,"url":"https:\/\/www.bezner.com\/wp-content\/uploads\/2017\/02\/recycling-plant-for-plastics.jpg","type":"image\/jpeg"}],"twitter_card":"summary_large_image","schema":{"@context":"https:\/\/schema.org","@graph":[{"@type":"WebPage","@id":"https:\/\/www.bezner.com\/fr\/project\/installation-de-tri-de-dechets-plastiques\/","url":"https:\/\/www.bezner.com\/fr\/project\/installation-de-tri-de-dechets-plastiques\/","name":"Installation de tri de d\u00e9chets plastiques - Bezner Anlagen- und Maschinenbau","isPartOf":{"@id":"https:\/\/www.bezner.com\/de\/#website"},"primaryImageOfPage":{"@id":"https:\/\/www.bezner.com\/fr\/project\/installation-de-tri-de-dechets-plastiques\/#primaryimage"},"image":{"@id":"https:\/\/www.bezner.com\/fr\/project\/installation-de-tri-de-dechets-plastiques\/#primaryimage"},"thumbnailUrl":"https:\/\/www.bezner.com\/wp-content\/uploads\/2017\/02\/recycling-plant-for-plastics.jpg","datePublished":"2017-02-07T10:49:44+00:00","dateModified":"2020-10-07T10:24:42+00:00","breadcrumb":{"@id":"https:\/\/www.bezner.com\/fr\/project\/installation-de-tri-de-dechets-plastiques\/#breadcrumb"},"inLanguage":"fr-FR","potentialAction":[{"@type":"ReadAction","target":["https:\/\/www.bezner.com\/fr\/project\/installation-de-tri-de-dechets-plastiques\/"]}]},{"@type":"ImageObject","inLanguage":"fr-FR","@id":"https:\/\/www.bezner.com\/fr\/project\/installation-de-tri-de-dechets-plastiques\/#primaryimage","url":"https:\/\/www.bezner.com\/wp-content\/uploads\/2017\/02\/recycling-plant-for-plastics.jpg","contentUrl":"https:\/\/www.bezner.com\/wp-content\/uploads\/2017\/02\/recycling-plant-for-plastics.jpg","width":800,"height":533,"caption":"Installation de tri de d\u00e9chets plastiques"},{"@type":"BreadcrumbList","@id":"https:\/\/www.bezner.com\/fr\/project\/installation-de-tri-de-dechets-plastiques\/#breadcrumb","itemListElement":[{"@type":"ListItem","position":1,"name":"Home","item":"https:\/\/www.bezner.com\/fr\/"},{"@type":"ListItem","position":2,"name":"Projects","item":"https:\/\/www.bezner.com\/project\/"},{"@type":"ListItem","position":3,"name":"Installation de tri de d\u00e9chets plastiques"}]},{"@type":"WebSite","@id":"https:\/\/www.bezner.com\/de\/#website","url":"https:\/\/www.bezner.com\/de\/","name":"Bezner Anlagen- und Maschinenbau","description":"Waste managament solutions","potentialAction":[{"@type":"SearchAction","target":{"@type":"EntryPoint","urlTemplate":"https:\/\/www.bezner.com\/de\/?s={search_term_string}"},"query-input":{"@type":"PropertyValueSpecification","valueRequired":true,"valueName":"search_term_string"}}],"inLanguage":"fr-FR"}]}},"_links":{"self":[{"href":"https:\/\/www.bezner.com\/fr\/wp-json\/wp\/v2\/project\/865","targetHints":{"allow":["GET"]}}],"collection":[{"href":"https:\/\/www.bezner.com\/fr\/wp-json\/wp\/v2\/project"}],"about":[{"href":"https:\/\/www.bezner.com\/fr\/wp-json\/wp\/v2\/types\/project"}],"wp:featuredmedia":[{"embeddable":true,"href":"https:\/\/www.bezner.com\/fr\/wp-json\/wp\/v2\/media\/1093"}],"wp:attachment":[{"href":"https:\/\/www.bezner.com\/fr\/wp-json\/wp\/v2\/media?parent=865"}],"wp:term":[{"taxonomy":"project-category","embeddable":true,"href":"https:\/\/www.bezner.com\/fr\/wp-json\/wp\/v2\/project-category?post=865"},{"taxonomy":"project-tag","embeddable":true,"href":"https:\/\/www.bezner.com\/fr\/wp-json\/wp\/v2\/project-tag?post=865"}],"curies":[{"name":"wp","href":"https:\/\/api.w.org\/{rel}","templated":true}]}}

Installation de tri de déchets plastiques

<p>Flux: Mélange en plastique<br />
Capacité: 11t/h, 20t/h<br />
Année de réalisation: 2012</p>

<p>Flux: Mélange en plastique Capacité: 11t/h, 20t/h Année de réalisation: 2012</p>

<!-- This site is optimized with the Yoast SEO plugin v27.5 - https://yoast.com/product/yoast-seo-wordpress/ -->
<title>Installation de tri de déchets plastiques - Bezner Anlagen- und Maschinenbau</title>
<meta name="robots" content="index, follow, max-snippet:-1, max-image-preview:large, max-video-preview:-1" />
<link rel="canonical" href="https://www.bezner.com/fr/project/installation-de-tri-de-dechets-plastiques/" />
<meta property="og:locale" content="fr_FR" />
<meta property="og:type" content="article" />
<meta property="og:title" content="Installation de tri de déchets plastiques - Bezner Anlagen- und Maschinenbau" />
<meta property="og:description" content="Flux: Mélange en plastique Capacité: 11t/h, 20t/h Année de réalisation: 2012" />
<meta property="og:url" content="https://www.bezner.com/fr/project/installation-de-tri-de-dechets-plastiques/" />
<meta property="og:site_name" content="Bezner Anlagen- und Maschinenbau" />
<meta property="article:modified_time" content="2020-10-07T10:24:42+00:00" />
<meta property="og:image" content="https://www.bezner.com/wp-content/uploads/2017/02/recycling-plant-for-plastics.jpg" />
	<meta property="og:image:width" content="800" />
	<meta property="og:image:height" content="533" />
	<meta property="og:image:type" content="image/jpeg" />
<meta name="twitter:card" content="summary_large_image" />
<script type="application/ld+json" class="yoast-schema-graph">{"@context":"https:\/\/schema.org","@graph":[{"@type":"WebPage","@id":"https:\/\/www.bezner.com\/fr\/project\/installation-de-tri-de-dechets-plastiques\/","url":"https:\/\/www.bezner.com\/fr\/project\/installation-de-tri-de-dechets-plastiques\/","name":"Installation de tri de déchets plastiques - Bezner Anlagen- und Maschinenbau","isPartOf":{"@id":"https:\/\/www.bezner.com\/de\/#website"},"primaryImageOfPage":{"@id":"https:\/\/www.bezner.com\/fr\/project\/installation-de-tri-de-dechets-plastiques\/#primaryimage"},"image":{"@id":"https:\/\/www.bezner.com\/fr\/project\/installation-de-tri-de-dechets-plastiques\/#primaryimage"},"thumbnailUrl":"https:\/\/www.bezner.com\/wp-content\/uploads\/2017\/02\/recycling-plant-for-plastics.jpg","datePublished":"2017-02-07T10:49:44+00:00","dateModified":"2020-10-07T10:24:42+00:00","breadcrumb":{"@id":"https:\/\/www.bezner.com\/fr\/project\/installation-de-tri-de-dechets-plastiques\/#breadcrumb"},"inLanguage":"fr-FR","potentialAction":[{"@type":"ReadAction","target":["https:\/\/www.bezner.com\/fr\/project\/installation-de-tri-de-dechets-plastiques\/"]}]},{"@type":"ImageObject","inLanguage":"fr-FR","@id":"https:\/\/www.bezner.com\/fr\/project\/installation-de-tri-de-dechets-plastiques\/#primaryimage","url":"https:\/\/www.bezner.com\/wp-content\/uploads\/2017\/02\/recycling-plant-for-plastics.jpg","contentUrl":"https:\/\/www.bezner.com\/wp-content\/uploads\/2017\/02\/recycling-plant-for-plastics.jpg","width":800,"height":533,"caption":"Installation de tri de déchets plastiques"},{"@type":"BreadcrumbList","@id":"https:\/\/www.bezner.com\/fr\/project\/installation-de-tri-de-dechets-plastiques\/#breadcrumb","itemListElement":[{"@type":"ListItem","position":1,"name":"Home","item":"https:\/\/www.bezner.com\/fr\/"},{"@type":"ListItem","position":2,"name":"Projects","item":"https:\/\/www.bezner.com\/project\/"},{"@type":"ListItem","position":3,"name":"Installation de tri de déchets plastiques"}]},{"@type":"WebSite","@id":"https:\/\/www.bezner.com\/de\/#website","url":"https:\/\/www.bezner.com\/de\/","name":"Bezner Anlagen- und Maschinenbau","description":"Waste managament solutions","potentialAction":[{"@type":"SearchAction","target":{"@type":"EntryPoint","urlTemplate":"https:\/\/www.bezner.com\/de\/?s={search_term_string}"},"query-input":{"@type":"PropertyValueSpecification","valueRequired":true,"valueName":"search_term_string"}}],"inLanguage":"fr-FR"}]}</script>
<!-- / Yoast SEO plugin. -->

Installation de tri de déchets plastiques - Bezner Anlagen- und Maschinenbau

Flux: Mélange en plastique Capacité: 11t/h, 20t/h Année de réalisation: 2012
